4 + (1 - 32) - 5)
18
Calculate 1 + 11 - ((55 - -3) + (-50 - -35)).
-31
Calculate 59 + -58 - (-1 - 1) - (23 - 14) - -4.
-2
Evaluate 83 - (75 + -1 + 131).
-122
What is the value of 203 + -150 - (-5 + (-1 - -2))?
57
What is (53 - (-10 + -4)) + -7 + -5 + -1?
54
(-323 - -236 - -109) + -25 + 1
-2
What is (777 - 751) + 2 + -42?
-14
-11 + 49 - (128 - 36)
-54
What is the value of (212 - 184) + 7 + (-6 - 1)?
28
What is -47 + -3 + -38 + 67?
-21
Evaluate -17 + (10 - (-56 - -92)).
-43
Calculate (60 - 10) + 21 + -47.
24
615 + -601 - (0 + 9) - -10
15
7 + 24 + (10 - (53 + 11 + -37))
14
Evaluate -104 - -152 - 105 - ((12 - -4) + -3).
-70
What is (-1 - 21) + (-85 - -153) + -93?
-47
Calculate 19 + (-14 - (-13 + 4 + 7 - 6)).
13
What is the value of (52 - (-21 - 1)) + 14 + 23?
111
What is the value of -14 + 63 - ((-2 - 0) + 4 + -8 + -3)?
58
Evaluate (64 - 1) + 22 + (0 - 8 - (-36 + 41)).
72
Evaluate 0 + (-5 - -2) - (7943 + -7960).
14
Calculate 3 + 5 - (-39 + 58 - 35).
24
Calculate 736 + -716 - (1 + -3 + 4 + -27).
45
Evaluate (21 + -31 + -14 - 17) + 20.
-21
Evaluate 17 + (-4 - (-43 - -6)) + 9 + -16.
43
What is (7 - 14) + 4 + 15 + -15 - -46?
43
What is -19 + 0 + -1 + (0 + -19 - (-15 - 1))?
-23
What is the value of (0 - (-2 - -8)) + (2 - 40 - -97)?
53
Calculate (-25 - 27) + 56 + (-4 + 8 - -4).
12
106 - ((-3 - -3) + 13 + (435 - 438))
96
Evaluate (-63 - (-47 - 11)) + 10 + 2.
7
Evaluate -5 - (29 + (40 - 21)).
-53
Evaluate (-19 - -47 - 9) + 5 + 33.
57
(-12 - -5 - 2) + (-10 - 1)
-20
(-1 - -44) + 706 + -719 - ((1 - 0) + -5)
34
What is the value of (-48 + -3 - 6) + -26 + 52 + -41?
-72
-47 - 23 - (-45 + 9)
-34
254 + -242 + -132 + -7
-127
Evaluate -42 + 59 - ((54 - 2) + -14) - (1 + 12).
-34
Calculate -13 - (-28 + 74 - 68).
9
(-2 - -10) + 0 - (-317 - -327)
-2
What is the value of 28 + -20 - (-91 - -71)?
28
-2 + -27 + 14 + 43 + -2 + 0
26
What is 4 + -23 + -130 + 152?
3
(-11 - (0 + 3 - 3 - (13 + -8))) + 3
-3
-42 - ((-1 - (6 - 1)) + (-25 - -80 - 54))
-37
Evaluate 10 + -14 + 5 - (15 - -10) - 13.
-37
Calculate -21 + 15 + -3 + 4 - (6 + -9).
-2
Evaluate -9 + (16 + -16 - -3) - (-1 + 12).
-17
Calculate (20 - 3) + (15 - (33 - 13)).
12
Evaluate (229 - 242 - (-1 + -21)) + (52 - 1).
60
(18 - (50 + -8)) + -15 - 2
-41
What is the value of (41 - (0 + -19 + 55)) + -11?
-6
-94 + 92 + (-2 - 6) + 25 + 28
43
Calculate 13 + 71 + -88 + -50.
-54
Calculate (-32 - -43) + -61 - -59.
9
12 + ((10 - 0) + -7 - -6)
21
What is -36 + 18 + 78 + -101?
-41
Evaluate 33 + 14 + -38 + 27 + 61.
97
What is 117 - (-114 - -52 - -101)?
78
-31 - (-56 + -16 + 48)
-7
(2 - 1 - 13) + (-17 + -3 - -76)
44
Evaluate 25 + (-27 - 68 - -68).
-2
What is the value of 69 + 49 + (54 - 122)?
50
4 + -38 + (1435 - 1456)
-55
Evaluate 47 - (-48 + 51 - -28).
16
Calculate (-85 - 1) + (-14 - -39).
-61
What is -17 + (25 - -59) + -17?
50
43 - 28 - 17 - 21 - (-10 + -1)
-12
Calculate -136 - (-115 + -172 + 67).
84
68 + (134 - 94) - 23
85
What is the value of 27 - (-14 + -191 - -145)?
87
Evaluate -3 + (30 + -43 - -52).
36
Evaluate 2 + 8 - (-151 + 134) - -32.
59
Calculate (194 - 167) + (-35 - (-9 + 20)).
-19
Calculate (-1 - (6 - (17 - 2) - -7)) + -42 + 114.
73
Evaluate -4 + 1 - (0 - 7) - (88 - 72).
-12
0 + -8 + (11 - 7) - 5 - -65
56
What is the value of 144 + -166 - (22 + 6 + -8)?
-42
Evaluate -5 + -1 + 4 + 117 - (26 - 41 - -28).
102
Calculate (5 - -48 - -7) + 8 + 8 + (-28 - -13).
61
What is 14 + -5 + (4 + -14 + -4 - 37)?
-42
Calculate 28 + 35 + -42 - (21 + 66).
-66
Calculate (-6 + -31 - -41) + 1 + (3 - 0) + 60.
68
(66 - (7 + -2)) + (1 - 7) + 4
59
What is (5 - 31) + (2 - 10) + 115?
81
What is the value of 67 - 60 - (65 + -3 - (-18 - -19))?
-54
Evaluate 38 + (27 + -15 - 39) + 1.
12
What is the value of -4 + -50 + -4 - (17 + -20 - 1 - -13)?
-67
2 + -16 + (72 - 12) + -46
0
Calculate 46 + -49 + -31 - -58.
24
37 + (-18 - -15) + 0 - -11
45
What is the value of (19 + -4 - -2) + -558 + 503?
-38
Calculate 92 + (74 - 190) - -80.
56
What is the value of (12 - -57 - 5) + -40 - -89?
113
What is the value of 2 - (-27 + 33 + 101 + -10 + -7)?
-88
Evaluate -56 + -13 + -13 + -49 + 72.
-59
-9 + -2 + (77 - (11 + -20 + 13))
62
What is (12 - 1 - (8 + 5 + -9)) + 10?
17
What is 16797 - 16723 - (160 - 0)?
-86
Calculate -19 - (-35 - 25 - -51).
-10
Calculate (5 + 5 + -44 - -12) + (-8 - -16) + 61.
47
Evaluate 11 - ((73 - 49) + 7).
-20
Evaluate 7283 + -7360 + -1 + 12.
-66
What is 51 + -22 + -19 + -42 + (-5 - 0)?
-37
Evaluate (7402 - 7451) + (-6 - (3 + -1)) + 0.
-57
-25 + 23 + 6 - -8 - 9
3
(2 - 12) + (-25 + -23 - -39)
-19
What is the value of (-8867 - -8903) + -1 + -28?
7
Calculate (-203 + 230 - (2 - -9)) + -40.
-24
What is the value of -95 - -47 - (-51 + -6)?
9
What is 13042 - 13058 - (20 - (-1 - 0))?
-37
What is -10 - ((28 - (8 - (-2 + 17) - -21)) + 38)?
-62
What is 928 + -938 - (10 + (4 - 5))?
-19
Evaluate -2 + 16 - (64 + -23 + -23).
-4
Calculate 90 - (-44 + 132 + -126).
128
What is (1 - 24 - (23 + -34)) + 19?
7
What is 84 - ((-119 - -28) + 25)?
150
What is the value of -35 + 2 - (-893 + 862)?
-2
Calculate -11 - ((0 - -2) + (-39 - (29 - 67))) - -19.
7
What is 11 + ((-6 - 3) + 8 - 38)?
-28
Evaluate 84 - (35 + -57 - -31 - (-6 - -3)).
72
Evaluate 8 - (18 + (-32 - -3)).
19
Calculate -11 + -14 - (30 - 8).
-47
(-1 - 22) + 3 + (-32 - (-32 + -8))
-12
Calculate 10 + (57 - 55) - -30.
42
1 + (-2 - (-15 - -1)) - 8 - 20
-15
-14 + -3 - (9 + -29 + 31)
-28
(11 - (22 + -13) - -2) + 2 + -43
-37
Evaluate (3 + (-4 - -7) - 10) + 11 - -5.
12
0 + 122 + (-2 - -44 - 64)
100
Calculate 15 + -1 - -5 - (-20 - -24).
15
What is the value of (0 - 6) + (4 - (11 - (13 - 20))) + 10?
-10
Evaluate (28 - 55) + 15 - (19 - 4 - 4).
-23
1 - 22 - (-24065 - -24127)
-83
(64 - (-1 - -12 - 0)) + 4 + -7 + -3
47
1 - -1 - (19 + (-2 - -6) + -15 + -8)
2
What is the value of 134 - (21 - (-18 + (7 - (-32 - -21))))?
113
Calculate (-1 - (-3 - 6)) + (-575 - -549).
-18
What is the value of -5 + 27 + (101 - 96) + -3 + 1?
25
What is 4 + -2 + -17 + -3848 + 3866?
3
-1 + (2 + -6 - (-14 - -19)) + 2 + -9
-17
Evaluate -6 - (-36 - (-8 - (16 - 13))).
19
What is 25 + -8 + -58 + -23 - (2 + -1 - -1)?
-66
Evaluate 2 - (11 - (-10 + (7 - 0 - 1) - -13)).
0
Calculate (-27 - (-34 - (13 + -26))) + 28.
22
What is the value of 108 - 100 - 128 - -10?
-110
What is 128 + 20 - (-29 + 25 - -33)?
119
What is the value of -1 - -1 - 17 - (-3941 - -3944)?
-20
Evaluate 47 + -40 - (-107 - -66).
48
What is the value of (-248 + 132 - -122) + (-81 - (-1 + 2))?
-76
28 + (2 - -13) + 5 + -18
30
What is the value of 13 - (-47 + 48) - (-1 - (-4 - 42))?
-33
Calculate (-135 + 93 - -37) + -24 + 2.
-27
128 + 36 + -144 - (38 + -1)
-17
Calculate 19 - (-60 + 65) - -44.
58
What is (0 - -16) + 2 - ((-39 - -27) + 24)?
6
Evaluate 10 + 0 - (-65 + (-31 - -82)).
24
-6 + (13 - ((30 - 10) + -11))
-2
What is 0 + -7 - -3 - (40 - (86 + -46))?
-4
-5 - (9 - (-19 - -81))
48
What is -13 + (-53 - (-50 + 29))?
-45
What is the value of -77 + 89 + (5 + (-62 - (-5 - -6)) - 1)?
-47
Evaluate (-1 - 3) + 19 + (-102 - -70).
-17
Evaluate 4 + -15 - (50 + -1 + -130 + 113).
-43
What is the value of 7 + 10 + (-19 - -7) + 2 + -13?
-6
Calculate 39 - (20 + 10 + 93).
-84
Calculate 37 - (-2 - 4 - (-70 - -63)).
36
What is the value of -83 - (-1 - 13 - (0 + (32 - 45)))?
-82
What is the value of (-31 - -2) + (55 - 35) + 67?
58
Calculate -31 - -44 - 5 - -4.
12
-68 + (2 + 16 - 43) + 28
-65
Calculate 61 - ((120 - 188) + 239).
-110
Calculate -65 - (-91 - -55 - -20).
-49
Evaluate -122 + -132 + 56 + 61.
-137
What is the value of 18 + (11 - (-7 + 22 - 6))?
20
What is 69 - (33 - (-21 - -25))?
40
-1 + (-350 - -438) + 0 + -2 + -3 + 2
84
Calculate 4 - (-10 - -24) - (38 + (3 + -1 - 1)).
-49
What is the value of -152 - ((-30 - -33) + -9) - -5?
-141
Evaluate (5 - (41 + -13) - -5) + (-37 - 1).
-56
Evaluate (7 - 25) + -14 + 44 + -10 + 58.
60
What is the value of -80 + (-30 - 36 - -141)?
-5
Evaluate (114 - 162) + (-1 - 0) + -2 + (-118 - -117).
-52
What is 17 + 77 + -4 + 18 + -16?
92
-17 + (17 - (3 - (-35 + 1)))
-37
What is -19 + (7 - -15) + -64 + -43?
-104
What is the value of -90 - (59 - -28 - 180)?
3
Evaluate 2 + 56 + (19 - ((-18 - 9) + 50)).
54
Evaluate 11 + -23 - -2 - (19 - -5 - 6).
-28
Evaluate -17 - (3 + (2 - 7)) - (0 + 10).
-25
What is the value of -7 - ((8 + 4 - 0) + -3) - -42?
26
Evaluate 131 + (123 - (5 - -206)).
43
Evaluate